 a be (-2 - -23)*4/6. Suppose -16 = -m + a. What are the prime factors of m?
2, 3, 5
Let n(z) = -z**2 + 20*z - 24. List the prime factors of n(15).
3, 17
Let r be -1 - -2 - (-6 - -1). Let l be (-4)/6 + r/9. Suppose -5*n + 5*p = -30, l = -4*p + p - 3. What are the prime factors of n?
5
Let i(m) = -25*m**3 + 4*m + 3. What are the prime factors of i(-1)?
2, 3
Let k = 3 + -3. Suppose 4*a - 5*o - 61 = -k*o, 4*a + 3*o - 21 = 0. Let q = a + -2. List the prime factors of q.
7
Suppose 39 = d + 5*h, d + 2*d - 85 = h. What are the prime factors of d?
29
Let r(u) = 2*u**3 - 4*u**2 + 2*u - 3. Let j(y) = -y**2 + 11*y + 12. Let a be j(12). Suppose -4*f + 3 + 9 = a. List the prime factors of r(f).
3, 7
Suppose 4*z - 15 = -z. Suppose z*n - 5 + 2 = 0. What are the prime factors of n/(2/20*2)?
5
Let b be ((-14)/6 + 1)*-6. Suppose b*f - 60 = 3*f. Suppose 4*u - u = f. What are the prime factors of u?
2
Suppose -2*w + w - 2 = 0. What are the prime factors of 2/(w*(-2)/60)?
2, 3, 5
Suppose w + 248 = 4*z, 0*w = -4*w. List the prime factors of z.
2, 31
Suppose -5*d + 141 = -3*v, -3*v - 2*v + 75 = 2*d. List the prime factors of d.
2, 3, 5
Suppose -a = -4*a + 3. Let w = 3 - a. Suppose -4*y + 6 = w*b + y, 0 = -3*y - 6. List the prime factors of b.
2
Let v = 11 + -8. Let i = 1 - -1. Suppose -4*b = v*f - 8, -f = -i*b - 4*f + 4. List the prime factors of b.
2
Suppose -5*j = 25 + 15. List the prime factors of (j*2 - -2)/(-2).
7
Suppose 3*p - 2*d = 57, p - 15 = 6*d - 4*d. List the prime factors of p.
3, 7
Suppose 0 = -2*r - 3 - 11. Let v = -2 + r. Let o = -1 - v. What are the prime factors of o?
2
Let q(y) = y**2 - y. Let n be q(2). Suppose -3*a + 40 = n*a. What are the prime factors of (60/(-8))/((-6)/a)?
2, 5
Let i = 5 + -2. Suppose -s + 72 = i*s. Suppose 3*x - s = -3. What are the prime factors of x?
5
Let t(s) = s + 8. Let h(d) = -d - 9. Let u(j) = 3*h(j) + 4*t(j). List the prime factors of u(5).
2, 5
Let g be ((-10)/4 + 2)*-6. Let y = g + 1. Let h = y - 1. List the prime factors of h.
3
Suppose -2*f - 6 = -3*f. Let h(z) = -z**2 + 8*z - 9. List the prime factors of h(f).
3
Let a(z) = -z + 8. Let s be a(9). Let m be 0/(-4 - 2/s). What are the prime factors of 3 - (m - (-2)/2)?
2
Let y(q) be the first derivative of -q**4/4 + 8*q**3/3 - 2*q**2 - 4*q + 3. List the prime factors of y(7).
17
Let x = 1 + 3. Let t = 456 - x. List the prime factors of t/20 + 9/(-15).
2, 11
Let n(t) = 3*t**3 + 3*t**2 - t - 1. What are the prime factors of n(2)?
3, 11
Let j(l) = -3*l + 26. Let p be j(6). Let i(z) = -z - 2. Let t be i(0). What are the prime factors of ((-9)/12)/(t/p)?
3
Suppose 5*g + 90 = 10*g. List the prime factors of g.
2, 3
Suppose -4*f + j + 54 = -j, 5*f - 51 = -3*j. What are the prime factors of f?
2, 3
Let h be ((-2)/(-3))/((-1)/3). List the prime factors of (-8 + 1)*(h - -1).
7
Let m = 34 - 81. Let z = -29 - m. What are the prime factors of z*2/4 + -1?
2
Let o be (-39)/(-6) + 3/6. Suppose -2*c = -3*c + o. List the prime factors of c.
7
Suppose 5 = x + 2. Suppose c + 22 = -v + 2*v, -v + x*c = -14. List the prime factors of v.
2, 13
Let i = 157 - 61. What are the prime factors of i?
2, 3
Suppose -47 = 4*h - 187. List the prime factors of h.
5, 7
Suppose 4*m - 7 + 119 = 0. Let d = m - -41. List the prime factors of d.
13
Let c be 52/10 + (-3)/15. Let s be 11/c + 2/(-10). Suppose -4*i + 22 = s. List the prime factors of i.
5
Let k(i) = -12*i**3 - 6*i**2 - i - 2. What are the prime factors of k(-3)?
271
Let b(d) = -5*d**2 - 11*d - 10. Let h(r) = -6*r**2 - 12*r - 11. Let a(v) = -5*b(v) + 4*h(v). What are the prime factors of a(-7)?
2, 3
Let i = 71 + -19. List the prime factors of i.
2, 13
Let o(h) = -h**2 - 4*h. Let j be o(-2). Suppose 10 = y - 2*b - 2, -j*y + b = -55. What are the prime factors of y?
2, 7
Suppose 2*o = -2*o - 2*c + 694, -3*o - 2*c + 523 = 0. What are the prime factors of o?
3, 19
Let n be (-7)/(-1 + 2/4). Let k = 45 - n. List the prime factors of k.
31
Let i be (-4)/(-12) - (-32)/(-6). Let s(f) = f + 7. List the prime factors of s(i).
2
Let n(h) = 5*h - 4. List the prime factors of n(8).
2, 3
Let w(g) = -g**2 - 6*g + 3. What are the prime factors of w(-6)?
3
Let h = -1 + -1. List the prime factors of 292/20 + h/(-5).
3, 5
What are the prime factors of 1673/28 + (-2)/(-8)?
2, 3, 5
Suppose 0 = 5*f + 2*w - 2, 2*f = -5*w - 16. Suppose -f*k = 2*k - 36. What are the prime factors of k?
3
Let l(d) = d + 10. List the prime factors of l(9).
19
Suppose 7 = -2*c + 1. Suppose -2*f + f = -5*i - 53, 0 = -3*f + 4*i + 148. What are the prime factors of (-1)/(1*c/f)?
2
Let i = -18 - -25. List the prime factors of i.
7
Let p be 3/2*6/(-9). List the prime factors of (p - 3)/((-6)/15).
2, 5
Let d(f) = -f**3 - 7*f**2 - 8*f - 9. Let p be d(-6). Let k(h) = -2*h - 4 - 4*h**3 + 2*h**p + 3*h**3 + 5*h**2. List the prime factors of k(-5).
2, 3
Let k = 22 - 16. List the prime factors of k.
2, 3
Suppose 3*v + 178 = 2*u, -2*u + 245 = -2*v + 65. What are the prime factors of u?
2, 23
Let w be (4 - -37) + 4/(-2). Let u be 1/(1 + (-42)/w). List the prime factors of 5 + -2 + (-4 - u).
2, 3
Suppose 0 = 4*q - 55 - 41. List the prime factors of q.
2, 3
Let o(n) = 37*n**3 - 2*n**2 - n. Let w be o(-1). List the prime factors of (w/6 - -1)*-3.
2
Let m(g) = 28*g**2 - 3*g - 2. What are the prime factors of m(-2)?
2, 29
Suppose -6*a - 28 = -10*a. Let j(o) = -2*o + 6*o - o - 5. List the prime factors of j(a).
2
Let b = 331 + -115. What are the prime factors of b?
2, 3
Let b = -11 + 14. Suppose 0*s - b*s = -69. List the prime factors of s.
23
Suppose 3*b + 16 = 4*b + 4*w, 0 = 2*b - 2*w - 12. What are the prime factors of (-6)/b*6*-2?
3
Suppose 10 = -q - 4*b, 2*b = 3*b + 1. Let n be 76/q + 2/(-6). Let m = n - -27. List the prime factors of m.
2, 7
Let s(r) = -2*r**3 - 6*r + 5. List the prime factors of s(-4).
157
Suppose 0 = -4*r + 4, 2*k - 1 + 0 = -5*r. Let h(g) = -g**2 + 2. Let p be h(k). List the prime factors of p*(35/(-2))/5.
7
Let i = 144 + -85. List the prime factors of i.
59
Suppose g - 85 = 6. List the prime factors of g.
7, 13
Let y be ((-6)/4)/(2/(-44)). Suppose 0 = -5*a + 3*o + y, 16 = 4*o - 0*o. List the prime factors of a.
3
Suppose -4*j = -0*j. Suppose j*l = -3*l. Suppose l*r + 21 = 3*r. List the prime factors of r.
7
Let r = 0 - -4. Let v(w) = 8 + 9 - r + w. What are the prime factors of v(-8)?
5
Let c = -2 - -6. Suppose 4*p - 2*p - 4*f - 48 = 0, -5*p - c*f = -92. What are the prime factors of p?
2, 5
What are the prime factors of (-2)/(2/1)*-37?
37
Let l(a) = 2*a + 30. List the prime factors of l(-8).
2, 7
Suppose -5*k + 3*k + 38 = 0. What are the prime factors of k?
19
Suppose -22*d = -26*d + 632. List the prime factors of d.
2, 79
Suppose 0 = 4*a + r - 7, 5*a + 2*r - 7*r = 15. Suppose 3*p - 3*c - 60 = p, 4*p = -a*c + 136. List the prime factors of p.
3, 11
Let u be 4/(-12)*(0 - 147). Let h = u + -28. List the prime factors of h.
3, 7
Suppose 3*p = -d + 62, -6*d = -d - 4*p - 234. What are the prime factors of d?
2, 5
Let l(g) = g**2 + 3*g + 9. Let f(m) = m**2 + 2*m + 10. Let k = 3 + -6. Let y(t) = k*f(t) + 4*l(t). List the prime factors of y(-6).
2, 3
Suppose 0 = 3*l - 4*l - 1. List the prime factors of (-5)/((-10)/16) - l.
3
Let k = 90 + -57. Suppose 2*d = -2*d + 12. Suppose 0*j + k = d*j. What are the prime factors of j?
11
Let f be 10*3 + (11 - 13). What are the prime factors of (-321)/(-21) - 8/f?
3, 5
Let y(s) = -8*s**3 + s**2 - 1. Suppose 4*r - 33 = -0*r + 3*w, w = -3. Let u be ((-1)/((-3)/r))/(-2). List the prime factors of y(u).
2
Suppose -2*m + 270 = 5*w - w, 5*w - 342 = 2*m. What are the prime factors of w?
2, 17
Let c = 19 - 3. List the prime factors of c/6*15/10.
2
Suppose 3*i = -i + 196. List the prime factors of i.
7
Suppose c - 5*c = 124. Let z = c + 69. List the prime factors of z.
2, 19
Suppose d - 3*o - 148 = 0, -2*d + 0*d - o = -331. What are the prime factors of d?
163
Let t = 55 + 4. List the prime factors of t.
59
Let m(t) = 7*t**3 + 2*t**2 + t - 2. What are the prime factors of m(2)?
2
Suppose -2*f - 3*h - 3 - 5 = 0, 2*h = -4*f - 24. Let i = 9 + f. Suppose i*p + 4 = 40. List the prime factors of p.
2, 3
Let l(i) = -i**2 - 34*i + 23. List the prime factors of l(-16).
311
Let w = 4 + -1. Suppose w*o - 25 = -2*o. Suppose -2*n + o*n - 21 = 5*q, 2*n - 13 = 3*q. List the